z = b - -19. Suppose 4*s = -s + 120. Calculate the remainder when s is divided by z.
11
Calculate the remainder when 18*((-28)/8)/(-7) is divided by 4.
1
Suppose -q + 19 = 11. What is the remainder when 59 is divided by q?
3
Calculate the remainder when 29 is divided by (-44 - 1)*3/(-9).
14
Suppose 44 = 4*n - 12. Suppose 0 = -z - 0*z. Suppose -5*g + 289 - 89 = z. Calculate the remainder when g is divided by n.
12
Let h = -41 - -70. Let w be ((-16)/12)/((-1)/(-3)). Let s(q) = q**2 - q - 5. What is the remainder when h is divided by s(w)?
14
Let p = 93 - 73. What is the remainder when p is divided by (-6 + 8)*(-7)/(-2)?
6
Calculate the remainder when 152 is divided by (2 + 32 - 0) + -3.
28
Let v = 31 + -24. Calculate the remainder when 13 is divided by v.
6
Suppose -5*u + 3 + 2 = 0. Let w = -3 - -4. What is the remainder when u is divided by w?
0
Let d(k) = k**3 + 6*k**2 - 7*k + 2. Suppose -38 = 7*z - 122. What is the remainder when d(-6) is divided by z?
8
Suppose -3*n + n + 316 = 0. Let p = -234 + n. What is the remainder when (-1 - p)*(-4)/(-12) is divided by 13?
12
Suppose 0 = -0*p - 3*p + 114. Suppose -15 = 3*d + 2*h - 43, p = 3*d + 4*h. Calculate the remainder when 16 is divided by d.
4
Let g(t) = -t**3 + 7*t**2 + 5*t - 1. Suppose -2*x = -0*x + 10, 0 = i + 4*x + 13. Calculate the remainder when g(i) is divided by 12.
10
Let c(r) = -r**3 - 5*r**2 - r - 4. Let b = -3 + -2. Calculate the remainder when 1 is divided by c(b).
0
Suppose -9*d = -10*d + 24. What is the remainder when 70 is divided by d?
22
Suppose -1534 = -3*q - 5*j - 516, 3*q - 998 = 5*j. Calculate the remainder when q/20 - (-3)/15 is divided by 6.
5
Let b(u) = -2*u + 122. What is the remainder when b(0) is divided by 31?
29
Let j(b) = b. Suppose 2 = 4*f - 54. Suppose 0 = l - 3*p - f, 2*l - p = -4*p - 8. Calculate the remainder when j(2) is divided by l.
0
Suppose -3*m - 4*d - 36 = -5*m, -3*d - 62 = -5*m. Let g = m - -7. Suppose -p = -5*p + 36. Calculate the remainder when g is divided by p.
8
Let i(h) = -3*h - 10. Let t be i(-8). Suppose 2*k - 10 = t. Let n = 14 - -20. What is the remainder when n is divided by k?
10
Let n be ((-12)/(-15))/(3/15). Let g(y) = -4*y**3 - n*y**2 - 3*y + 1 + 11*y**2 + 2*y**3 + y**3. Calculate the remainder when g(4) is divided by 13.
11
Let s = 97 + -40. Suppose -5*j - 105 = -12*j. Calculate the remainder when s is divided by j.
12
Suppose -19*a + 16*a + 63 = 0. Calculate the remainder when a is divided by 6.
3
Let t = 7 - -15. What is the remainder when t is divided by 12?
10
Suppose 3*h + 0 - 18 = 0. What is the remainder when h is divided by (1 + 0)/((-7)/(-21))?
0
Let n = -9 + 14. Suppose 5*u + 4*h = 202, 4*u + n*h = -u + 205. Calculate the remainder when u is divided by 10.
8
Suppose 0 = 5*g - g. Suppose x = 6 - 3. Suppose -x*l + 13 + 26 = g. What is the remainder when 49 is divided by l?
10
Let u = -2 + 5. Suppose 18 = u*a - 5*q, 4*a + 3*q + 6 = 1. Suppose 0 = 2*z + h - 5, z = -0*z + 2*h. Calculate the remainder when z is divided by a.
0
Let a = 77 + -117. Let g = a + 68. What is the remainder when g is divided by 15?
13
Suppose 7*p + 55 = 160. Calculate the remainder when p is divided by 4.
3
Let p(y) = -y + 12. Suppose 3*q = q - 8. Let v be q*((-3)/(-4) - 2). What is the remainder when 19 is divided by p(v)?
5
Suppose 0*u = -u. Suppose u*d = 4*d - 48. Suppose -48 = -c - 1. What is the remainder when c is divided by d?
11
Suppose z - 2*l + 4*l - 70 = 0, -z - 5*l + 76 = 0. Calculate the remainder when z is divided by 17.
15
Suppose 74 = k + 3*u, -2*k - u = u - 136. Let h = 72 + -50. Calculate the remainder when k is divided by h.
21
Let x = 14 + 4. Let k(i) = -i**3 - 4*i**2 + 2*i - 5. What is the remainder when x is divided by k(-5)?
8
Let y(l) = 2*l**2 - 6*l + 7. What is the remainder when (158/(-4))/(4/(-8)) is divided by y(5)?
25
Let n(y) = -y**2 - 5*y + 1. Suppose m - 6*m = -3*g + 21, -g + 2 = 0. Let o = -2 - m. What is the remainder when o is divided by n(-5)?
0
Suppose -10 = -3*r + 3*d - 1, 5*r - 4*d - 14 = 0. Suppose 0*j - r*j + 24 = 5*m, 3*j = 3*m + 36. What is the remainder when 23 is divided by j?
11
Let p(d) = 6*d**3 - 3*d**2 + 4*d - 3. Calculate the remainder when 122 is divided by p(2).
40
Let g = 6 + 3. Calculate the remainder when g is divided by 4.
1
Suppose -w - 2*t = -12, -2*w + 3*w - 15 = -t. Let v = -16 + 50. What is the remainder when v is divided by w?
16
Let j = -1 - -2. Calculate the remainder when ((-12)/(-9))/((-8)/(-6)) is divided by j.
0
Let k = 2 - -37. Calculate the remainder when k is divided by 20.
19
Let x = 7 + 31. What is the remainder when x is divided by 22?
16
Let p be ((-88)/(-24))/((-1)/(-9)). Let o = -20 + p. Calculate the remainder when o is divided by 8.
5
Let z = -1 + 18. What is the remainder when z is divided by 5?
2
Suppose -1 - 5 = -l. Suppose l*v - 2*u + 18 = v, 2 = -2*u. What is the remainder when 41 is divided by v/6 - 132/(-9)?
13
Let i(c) = -6*c + 6. Calculate the remainder when i(-3) is divided by 5.
4
Let l = 223 - 96. What is the remainder when l is divided by 33?
28
Let d(b) = -8*b - 11. Let l(j) = 4*j + 5. Let t(o) = 4*d(o) + 9*l(o). Calculate the remainder when 33 is divided by t(4).
16
Suppose -4 = 4*t - 20. Suppose 2*c - 4*c + 5*d + 34 = 0, -t*c - 4*d + 68 = 0. What is the remainder when c is divided by 9?
8
Suppose -g + 0*g = 2. Let b(c) = -2*c**2 + 5*c - 3. Let v(i) = 3*i**2 - 9*i + 5. Let t(j) = -7*b(j) - 4*v(j). Calculate the remainder when t(g) is divided by 3.
1
Let f = 51 + -37. What is the remainder when 41 is divided by f?
13
Let v = 1 - -55. What is the remainder when v is divided by 19?
18
Let t(a) = -8*a + 12. What is the remainder when 206 is divided by t(-5)?
50
Let y = 5 - -3. What is the remainder when 13 is divided by y?
5
Let h be (-682)/(-8) + (-3)/12. Let s = -58 + h. Let y = 2 + 5. What is the remainder when s is divided by y?
6
Let c = 63 - 63. Let p(i) = 4 - i + 6 + 6. Calculate the remainder when p(c) is divided by 9.
7
Let n = -26 + 28. Suppose 3*u - 3*z + 5 = -1, 0 = -5*z + 15. Suppose 5*h - u = 4. Calculate the remainder when n is divided by h.
0
Let d(a) = 26*a**2 - 2*a + 1. Let n be (2 + 2)/1 + -3. What is the remainder when d(n) is divided by 9?
7
Suppose -21 = -2*i + 55. Suppose -4*k + 114 = i. Calculate the remainder when 37 is divided by k.
18
Suppose 7 + 11 = 3*a. Suppose 0 = 4*y + x - 68, -y + 17 = -2*x - 2*x. Calculate the remainder when y is divided by a.
5
Let d(t) = t**3 - 12*t + 4. What is the remainder when 57 is divided by d(4)?
17
Let f(q) = -q**2 + 10*q + 15. Let u be f(11). Suppose 4*p - 2*c = 78, p - u*p + 57 = -3*c. What is the remainder when p is divided by 11?
9
Suppose 2*b = 5*a - 461, -4*a + 217 + 159 = 2*b. What is the remainder when a is divided by 24?
21
Let x be 12/(-10)*580/(-6). What is the remainder when 33 is divided by 6/(-9) + x/12?
6
Suppose -4*l - 32 = 4*r, 0 = 3*l + r - 5*r - 4. What is the remainder when 6/l*(-244)/6 is divided by 16?
13
Suppose -41 = -5*u + 39. Calculate the remainder when u is divided by 6.
4
Let r = 6 - 1. Suppose -r*v = -2 + 12. Let o(d) = -3*d + 2. Calculate the remainder when 15 is divided by o(v).
7
Suppose -38*r = -34*r - 44. What is the remainder when r is divided by 4?
3
Let v(n) = -n + 10. Suppose -39 = 3*c - 45. Calculate the remainder when v(8) is divided by c.
0
Let t = -19 - -33. Calculate the remainder when 26 is divided by t.
12
Let y(d) = 5*d - 1. Let w = 28 - 19. Calculate the remainder when y(w) is divided by 16.
12
Let m be -3 + 5 + -9 + -3. What is the remainder when (-4)/m - (-2358)/30 is divided by 20?
19
Suppose -5 - 1 = r + 3*z, 5*r = -5*z. What is the remainder when 16 is divided by r?
1
Let l(c) = 22 - 4*c - c + 4*c. Suppose -j + 1 = 1. Calculate the remainder when 64 is divided by l(j).
20
Let t(f) = -f**3 + 4*f**2 + 4*f + 2. Suppose 20 = 4*v + v. Let p be t(v). Let o = 38 - p. Calculate the remainder when o is divided by 7.
6
Let g = 95 - 64. Calculate the remainder when g is divided by 8.
7
What is the remainder when (-1)/(-1 + -1 + 732/372) is divided by 5?
1
Suppose 9*m + 17*m - 390 = 0. Suppose 2*u = 27 + 89. What is the remainder when u is divided by m?
13
Suppose 4*o + 4 = -2*a + 2*o, -3*o = -4*a + 27. Let d(b) = -b**2 + 7*b. Calculate the remainder when d(6) is d